{"id":2329,"date":"2015-09-03T02:33:06","date_gmt":"2015-09-03T02:33:06","guid":{"rendered":"http:\/\/www.sedaceiautomation.com\/?page_id=2329"},"modified":"2022-02-15T17:17:45","modified_gmt":"2022-02-15T17:17:45","slug":"contacto","status":"publish","type":"page","link":"https:\/\/www.sedaceiautomation.com\/?page_id=2329","title":{"rendered":"Contacto"},"content":{"rendered":"\n<div class=\"wp-block-columns is-layout-flex wp-container-core-columns-is-layout-1 wp-block-columns-is-layout-flex\">\n<div class=\"wp-block-column is-layout-flow wp-block-column-is-layout-flow\" style=\"flex-basis:66.66%\">\n<h2 class=\"has-text-align-center wp-block-heading\" id=\"contactanos\">Contactanos<\/h2>\n\n\n\n<h5 class=\"has-text-align-center wp-block-heading\" id=\"siempre-a-tu-disposicion\">Siempre a tu disposici\u00f3n .<\/h5>\n\n\n\n<p>En Sedacei queremos saber de ti y como poder ayudarte en el desarrollo de tu proyecto y\/o producto .<\/p>\n\n\n\n<p><strong>SEDACEI AUTOMATION S DE RL MI DE CV.<br>Calle Pino 101,<br>Santa Cruz&nbsp;20406 Rinc\u00f3n de Romos, Ags.M\u00e9xico.<\/strong><br>Tel\u00e9fono L\u00ednea 1 :+52 465 851 5953 <br>Tel\u00e9fono L\u00ednea 2 :+52 449-239-9200 <br>E-mail: <a href=\"mailto:Sales@sedaceiautomation.com\">sales@sedaceiautomation.com<\/a><\/p>\n<\/div>\n\n\n\n<div class=\"wp-block-column is-layout-flow wp-block-column-is-layout-flow\" style=\"flex-basis:33.33%\"><\/div>\n<\/div>\n\n\n\n<iframe loading=\"lazy\" src=\"https:\/\/www.google.com\/maps\/embed?pb=!1m18!1m12!1m3!1d3693.1587847727033!2d-102.3310972449795!3d22.23405344922635!2m3!1f0!2f0!3f0!3m2!1i1024!2i768!4f13.1!3m3!1m2!1s0x8682094edfc36f8b%3A0xc5ed9c6c9060b215!2sSEDACEI%20AUTOMATION%20S%20DE%20RL%20MI%20DE%20CV!5e0!3m2!1ses-419!2smx!4v1611947736504!5m2!1ses-419!2smx\" width=\"1200\" height=\"400\" frameborder=\"0\" style=\"border:0;\" allowfullscreen=\"\" aria-hidden=\"false\" tabindex=\"0\"><\/iframe>\n","protected":false},"excerpt":{"rendered":"Contactanos Siempre a tu disposici\u00f3n . En Sedacei queremos saber de ti y como poder ayudarte en el desarrollo de tu proyecto y\/o producto . SEDACEI AUTOMATION S DE RL MI DE CV.Calle Pino 101,Santa Cruz&nbsp;20406 Rinc\u00f3n de Romos, Ags.M\u00e9xico.Tel\u00e9fono L\u00ednea 1 :+52 465 851 5953 Tel\u00e9fono L\u00ednea 2 :+52 449-239-9200 E-mail: sales@sedaceiautomation.com","protected":false},"author":5,"featured_media":0,"parent":0,"menu_order":0,"comment_status":"closed","ping_status":"closed","template":"","meta":{"footnotes":""},"class_list":["post-2329","page","type-page","status-publish","hentry"],"_links":{"self":[{"href":"https:\/\/www.sedaceiautomation.com\/index.php?rest_route=\/wp\/v2\/pages\/2329","targetHints":{"allow":["GET"]}}],"collection":[{"href":"https:\/\/www.sedaceiautomation.com\/index.php?rest_route=\/wp\/v2\/pages"}],"about":[{"href":"https:\/\/www.sedaceiautomation.com\/index.php?rest_route=\/wp\/v2\/types\/page"}],"author":[{"embeddable":true,"href":"https:\/\/www.sedaceiautomation.com\/index.php?rest_route=\/wp\/v2\/users\/5"}],"replies":[{"embeddable":true,"href":"https:\/\/www.sedaceiautomation.com\/index.php?rest_route=%2Fwp%2Fv2%2Fcomments&post=2329"}],"version-history":[{"count":42,"href":"https:\/\/www.sedaceiautomation.com\/index.php?rest_route=\/wp\/v2\/pages\/2329\/revisions"}],"predecessor-version":[{"id":4013,"href":"https:\/\/www.sedaceiautomation.com\/index.php?rest_route=\/wp\/v2\/pages\/2329\/revisions\/4013"}],"wp:attachment":[{"href":"https:\/\/www.sedaceiautomation.com\/index.php?rest_route=%2Fwp%2Fv2%2Fmedia&parent=2329"}],"curies":[{"name":"wp","href":"https:\/\/api.w.org\/{rel}","templated":true}]}}